{"id":41052,"date":"2024-12-19T10:30:18","date_gmt":"2024-12-19T10:30:18","guid":{"rendered":"https:\/\/sociedaddelainnovacion.es\/?page_id=41052"},"modified":"2025-01-23T11:42:15","modified_gmt":"2025-01-23T11:42:15","slug":"politica-de-privacitat","status":"publish","type":"page","link":"https:\/\/sociedaddelainnovacion.es\/ca\/politica-de-privacitat\/","title":{"rendered":"Pol\u00edtica de Privacitat"},"content":{"rendered":"\n<h2 class=\"wp-block-heading\"><strong>1. Responsable<\/strong><\/h2>\n\n\n\n<p>El Responsable del tractament de les dades recaptades per mitj\u00e0 d&#8217;aquest Lloc web \u00e9s:<\/p>\n\n\n\n<p>INNOVATION HOUSE, S.L. (d&#8217;ara endavant, \u201cSDLI\u201d).<br>C\/Ballin, 13 A1, 08010 &#8211; Barcelona<br>hola@sdli.es<\/p>\n\n\n\n<h2 class=\"wp-block-heading\"><strong>2. Finalitat<\/strong><\/h2>\n\n\n\n<p>Les dades personals de l&#8217;usuari d&#8217;aquest Lloc web podran ser tractats per a les seg\u00fcents finalitats segons correspongui:<\/p>\n\n\n\n<ul class=\"wp-block-list\">\n<li>Atendre les sol\u00b7licituds d&#8217;informaci\u00f3 i\/o consultes efectuades per l&#8217;Usuari. Les dades tractades amb aquesta finalitat es conservaran fins a haver donat resposta a la sol\u00b7licitud d&#8217;informaci\u00f3 i\/o consulta i, despr\u00e9s d&#8217;aix\u00f2, durant els terminis de conservaci\u00f3 i de prescripci\u00f3 de responsabilitats legalment previstos. La base jur\u00eddica del tractament \u00e9s el consentiment de l&#8217;Usuari.<\/li>\n\n\n\n<li>Mantenir informat a l&#8217;Usuari, fins i tot per mitjans electr\u00f2nics, sobre els productes, serveis i novetats de SDLI. Les dades tractades amb aquesta finalitat es conservaran fins al moment en qu\u00e8 l&#8217;Usuari retiri el seu consentiment donat per a la recepci\u00f3 d&#8217;aquestes comunicacions i, despr\u00e9s d&#8217;aix\u00f2, durant els terminis de conservaci\u00f3 i de prescripci\u00f3 de responsabilitats legalment previstos. La base jur\u00eddica del tractament \u00e9s el consentiment de l&#8217;Usuari. Si vost\u00e8 consent el tractament de les seves dades amb aquesta finalitat, si us plau, marqui la casella habilitada a aquest efecte. Existeixen a la disposici\u00f3 de l&#8217;Usuari els sistemes d&#8217;exclusi\u00f3 publicit\u00e0ria relacionats en el lloc web aepd.es<\/li>\n\n\n\n<li>Gesti\u00f3 dels curr\u00edculums rebuts a trav\u00e9s de la secci\u00f3 \u201cUneix-te a nosaltres\u201d habilitat en el Lloc web. Les dades tractades amb aquesta finalitat es conservaran durant dos anys a partir del moment de la seva recepci\u00f3. La base jur\u00eddica del tractament \u00e9s el consentiment de l&#8217;Usuari.<\/li>\n\n\n\n<li>Possibilitar la participaci\u00f3 i la publicaci\u00f3 de comentaris en el Blog. Les dades tractades amb aquesta finalitat es conservaran fins al moment en qu\u00e8 l&#8217;Usuari retiri el seu consentiment donat per a la publicaci\u00f3 i, despr\u00e9s d&#8217;aix\u00f2, durant els terminis de conservaci\u00f3 i de prescripci\u00f3 de responsabilitats legalment previstos. La base jur\u00eddica del tractament \u00e9s el consentiment de l&#8217;Usuari.<\/li>\n<\/ul>\n\n\n\n<h2 class=\"wp-block-heading\"><strong>3. Destinataris<\/strong><\/h2>\n\n\n\n<p>Les dades podran comunicar-se als seg\u00fcents destinataris tercers: Administracions P\u00fabliques per al compliment d&#8217;obligacions legals. Tamb\u00e9 podran comunicar-se a les seg\u00fcents categories d&#8217;encarregats: Prove\u00efdors de comunicacions electr\u00f2niques, ofim\u00e0tica, hosting, housing, manteniment inform\u00e0tic, gestoria, comptabilitat, auditoria, assessoria i representaci\u00f3 legal. Aquests encarregats poden estar situats fora de l&#8217;Espai Econ\u00f2mic Europeu amb els quals hem adoptat garanties adequades per a la seguretat en la transfer\u00e8ncia internacional de dades personals.<\/p>\n\n\n\n<h2 class=\"wp-block-heading\"><strong>4. Drets<\/strong><\/h2>\n\n\n\n<p>L&#8217;Usuari pot exercir davant SDLI els seus drets d&#8217;acc\u00e9s, rectificaci\u00f3, supressi\u00f3, limitaci\u00f3 del tractament, portabilitat de les dades i oposici\u00f3.<\/p>\n\n\n\n<p>D&#8217;igual manera, en els tractaments de les dades de l&#8217;Usuari la legitimaci\u00f3 del qual es basi en el consentiment donat per l&#8217;Usuari, aquest t\u00e9 el dret a retirar aquest consentiment en qualsevol moment, sense que aix\u00f2 afecti la licitud del tractament basat en el consentiment previ a la seva retirada.<\/p>\n\n\n\n<p>Per a l&#8217;exercici de tals drets l&#8217;usuari pot enviar la seva sol\u00b7licitud C\/Ballin, 13&nbsp; A1, 08010 &#8211; Barcelona, o a l&#8217;adre\u00e7a de correu electr\u00f2nic hola@sdli.es.<\/p>\n\n\n\n<p>En tot cas, l&#8217;Usuari t\u00e9 dret a presentar una reclamaci\u00f3 davant la corresponent autoritat de control si ho estima oport\u00fa.<\/p>\n","protected":false},"excerpt":{"rendered":"<p>1. Responsable El Responsable del tractament de les dades recaptades per mitj\u00e0 d&#8217;aquest Lloc web \u00e9s: INNOVATION HOUSE, S.L. (d&#8217;ara endavant, \u201cSDLI\u201d).C\/Ballin, 13 A1, 08010 &#8211; Barcelonahola@sdli.es 2. Finalitat Les dades personals de l&#8217;usuari d&#8217;aquest Lloc web podran ser tractats per a les seg\u00fcents finalitats segons correspongui: 3. Destinataris Les dades podran comunicar-se als seg\u00fcents<\/p>\n","protected":false},"author":1,"featured_media":0,"parent":0,"menu_order":0,"comment_status":"closed","ping_status":"open","template":"","meta":{"_acf_changed":false,"footnotes":""},"class_list":["post-41052","page","type-page","status-publish","hentry"],"acf":[],"_links":{"self":[{"href":"https:\/\/sociedaddelainnovacion.es\/ca\/wp-json\/wp\/v2\/pages\/41052","targetHints":{"allow":["GET"]}}],"collection":[{"href":"https:\/\/sociedaddelainnovacion.es\/ca\/wp-json\/wp\/v2\/pages"}],"about":[{"href":"https:\/\/sociedaddelainnovacion.es\/ca\/wp-json\/wp\/v2\/types\/page"}],"author":[{"embeddable":true,"href":"https:\/\/sociedaddelainnovacion.es\/ca\/wp-json\/wp\/v2\/users\/1"}],"replies":[{"embeddable":true,"href":"https:\/\/sociedaddelainnovacion.es\/ca\/wp-json\/wp\/v2\/comments?post=41052"}],"version-history":[{"count":0,"href":"https:\/\/sociedaddelainnovacion.es\/ca\/wp-json\/wp\/v2\/pages\/41052\/revisions"}],"wp:attachment":[{"href":"https:\/\/sociedaddelainnovacion.es\/ca\/wp-json\/wp\/v2\/media?parent=41052"}],"curies":[{"name":"wp","href":"https:\/\/api.w.org\/{rel}","templated":true}]}}

Política de Privacitat

<h2 class="wp-block-heading"><strong>1. Responsable</strong></h2>



<p>El Responsable del tractament de les dades recaptades per mitjà d&#8217;aquest Lloc web és:</p>



<p>INNOVATION HOUSE, S.L. (d&#8217;ara endavant, “SDLI”).<br>C/Ballin, 13 A1, 08010 &#8211; Barcelona<br>hola@sdli.es</p>



<h2 class="wp-block-heading"><strong>2. Finalitat</strong></h2>



<p>Les dades personals de l&#8217;usuari d&#8217;aquest Lloc web podran ser tractats per a les següents finalitats segons correspongui:</p>



<ul class="wp-block-list">
<li>Atendre les sol·licituds d&#8217;informació i/o consultes efectuades per l&#8217;Usuari. Les dades tractades amb aquesta finalitat es conservaran fins a haver donat resposta a la sol·licitud d&#8217;informació i/o consulta i, després d&#8217;això, durant els terminis de conservació i de prescripció de responsabilitats legalment previstos. La base jurídica del tractament és el consentiment de l&#8217;Usuari.</li>



<li>Mantenir informat a l&#8217;Usuari, fins i tot per mitjans electrònics, sobre els productes, serveis i novetats de SDLI. Les dades tractades amb aquesta finalitat es conservaran fins al moment en què l&#8217;Usuari retiri el seu consentiment donat per a la recepció d&#8217;aquestes comunicacions i, després d&#8217;això, durant els terminis de conservació i de prescripció de responsabilitats legalment previstos. La base jurídica del tractament és el consentiment de l&#8217;Usuari. Si vostè consent el tractament de les seves dades amb aquesta finalitat, si us plau, marqui la casella habilitada a aquest efecte. Existeixen a la disposició de l&#8217;Usuari els sistemes d&#8217;exclusió publicitària relacionats en el lloc web aepd.es</li>



<li>Gestió dels currículums rebuts a través de la secció “Uneix-te a nosaltres” habilitat en el Lloc web. Les dades tractades amb aquesta finalitat es conservaran durant dos anys a partir del moment de la seva recepció. La base jurídica del tractament és el consentiment de l&#8217;Usuari.</li>



<li>Possibilitar la participació i la publicació de comentaris en el Blog. Les dades tractades amb aquesta finalitat es conservaran fins al moment en què l&#8217;Usuari retiri el seu consentiment donat per a la publicació i, després d&#8217;això, durant els terminis de conservació i de prescripció de responsabilitats legalment previstos. La base jurídica del tractament és el consentiment de l&#8217;Usuari.</li>
</ul>



<h2 class="wp-block-heading"><strong>3. Destinataris</strong></h2>



<p>Les dades podran comunicar-se als següents destinataris tercers: Administracions Públiques per al compliment d&#8217;obligacions legals. També podran comunicar-se a les següents categories d&#8217;encarregats: Proveïdors de comunicacions electròniques, ofimàtica, hosting, housing, manteniment informàtic, gestoria, comptabilitat, auditoria, assessoria i representació legal. Aquests encarregats poden estar situats fora de l&#8217;Espai Econòmic Europeu amb els quals hem adoptat garanties adequades per a la seguretat en la transferència internacional de dades personals.</p>



<h2 class="wp-block-heading"><strong>4. Drets</strong></h2>



<p>L&#8217;Usuari pot exercir davant SDLI els seus drets d&#8217;accés, rectificació, supressió, limitació del tractament, portabilitat de les dades i oposició.</p>



<p>D&#8217;igual manera, en els tractaments de les dades de l&#8217;Usuari la legitimació del qual es basi en el consentiment donat per l&#8217;Usuari, aquest té el dret a retirar aquest consentiment en qualsevol moment, sense que això afecti la licitud del tractament basat en el consentiment previ a la seva retirada.</p>



<p>Per a l&#8217;exercici de tals drets l&#8217;usuari pot enviar la seva sol·licitud C/Ballin, 13&nbsp; A1, 08010 &#8211; Barcelona, o a l&#8217;adreça de correu electrònic hola@sdli.es.</p>



<p>En tot cas, l&#8217;Usuari té dret a presentar una reclamació davant la corresponent autoritat de control si ho estima oportú.</p>

<p>1. Responsable El Responsable del tractament de les dades recaptades per mitjà d&#8217;aquest Lloc web és: INNOVATION HOUSE, S.L. (d&#8217;ara endavant, “SDLI”).C/Ballin, 13 A1, 08010 &#8211; Barcelonahola@sdli.es 2. Finalitat Les dades personals de l&#8217;usuari d&#8217;aquest Lloc web podran ser tractats per a les següents finalitats segons correspongui: 3. Destinataris Les dades podran comunicar-se als següents</p>
